{"id":4114,"date":"2014-11-30T13:05:57","date_gmt":"2014-11-30T11:05:57","guid":{"rendered":"http:\/\/www.vesab.de\/wpvesab\/?page_id=4114"},"modified":"2020-06-25T13:04:13","modified_gmt":"2020-06-25T11:04:13","slug":"motorrad-2","status":"publish","type":"page","link":"https:\/\/www.vesab.de\/wpvesab\/motorrad-2\/","title":{"rendered":"Motorrad"},"content":{"rendered":"<p>Seit 1978, also \u00fcber 40 Jahre bin ich mit unterschiedlichsten <a title=\"Motorr\u00e4der\" href=\"http:\/\/www.vesab.de\/wpvesab\/storys\/motorraeder-4034\/\">Motorr\u00e4dern<\/a> durch die Lande gereist und habe auch teilweise verr\u00fcckte Sachen gemacht. Viele Touren, viel Technik und auch Geschichten sind im Laufe der Zeit \u00fcbrig geblieben und werden nun hier erscheinen.<\/p>\n<p>&nbsp;<\/p>\n<p><img loading=\"lazy\" decoding=\"async\" class=\"alignnone size-full wp-image-741\" src=\"http:\/\/www.vesab.de\/wpvesab\/wp-content\/uploads\/fahrzeuge_motorrad_fjordrally_2008_23.jpg\" alt=\"fahrzeuge_motorrad_fjordrally_2008_23\" width=\"600\" height=\"400\" srcset=\"https:\/\/www.vesab.de\/wpvesab\/wp-content\/uploads\/fahrzeuge_motorrad_fjordrally_2008_23.jpg 600w, https:\/\/www.vesab.de\/wpvesab\/wp-content\/uploads\/fahrzeuge_motorrad_fjordrally_2008_23-300x200.jpg 300w\" sizes=\"auto, (max-width: 600px) 100vw, 600px\" \/><\/p>\n<p>Winterreisen in Norwegen<\/p>\n<p>&nbsp;<\/p>\n<p>Alle Beitr\u00e4ge zu diesem Thema sind hier zu finden: <a title=\"Motorrad\" href=\"http:\/\/www.vesab.de\/wpvesab\/?cat=46\">Kategorie Motorradseiten<\/a><\/p>\n<p>Die Motorradseiten meiner alten HP werden nach und nach hier ver\u00f6ffentlicht. Auch viele Reisen und Umbauten sind dabei.<\/p>\n<p>&nbsp;<\/p>\n<h3>Reisen<\/h3>\n<p><a title=\"1996 Winter und Motorrad?\" href=\"http:\/\/www.vesab.de\/wpvesab\/storys\/1996-winter-und-motorrad-4188\/\" rel=\"bookmark\">1996 Winter und Motorrad &#8211; wie es begann<\/a><\/p>\n<p><a title=\"Motorradreise zum Polarkreis\" href=\"http:\/\/www.vesab.de\/wpvesab\/storys\/motorradreise-zum-polarkreis-996\/\" rel=\"bookmark\">Motorradreise zum Polarkreis 2001 Norwegen Winter<\/a><\/p>\n<p><a title=\"Fjordrally 2004\" href=\"http:\/\/www.vesab.de\/wpvesab\/storys\/fjordrally-2004-3587\/\" rel=\"bookmark\">Fjordrally 2004 Norwegen Winter<\/a><\/p>\n<p><a title=\"Winter-Motorradreise Norwegen\" href=\"http:\/\/www.vesab.de\/wpvesab\/storys\/winter-motorradreise-norwegen-3544\/\" rel=\"bookmark\">Fjordrally 2007 Norwegen Winter<\/a><\/p>\n<p><a title=\"5. Fjordrally 2008\" href=\"http:\/\/www.vesab.de\/wpvesab\/storys\/5-fjordrally-2008-775\/\" rel=\"bookmark\">Fjordrally 2008 Norwegen Winter<\/a><\/p>\n<p><a href=\"http:\/\/www.vesab.de\/wpvesab\/storys\/lost-places-bb-1673\/\">Motorradreise 2005 lost places Berlin\/Brandenburg Sommer<\/a><\/p>\n<p>&nbsp;<\/p>\n<h3>Technik<\/h3>\n<p><a href=\"http:\/\/www.vesab.de\/wpvesab\/fahrzeuge\/tankschutzbuegel-ktm-adventure-4127\/\">Selbstbau Tankschutzb\u00fcgel an KTM LC4 Adventure <\/a><\/p>\n<p><a href=\"http:\/\/www.vesab.de\/wpvesab\/fahrzeuge\/sanierung-beiwagen-ezs-rally-3706\/\">Sanierung Beiwagen EZS Rally<\/a><\/p>\n<p><a href=\"http:\/\/www.vesab.de\/wpvesab\/fahrzeuge\/spikes-fuer-reifen-2902\/\">Spikes f\u00fcr Motorradreifen<\/a><\/p>\n<p><a href=\"http:\/\/www.vesab.de\/wpvesab\/fahrzeuge\/vergaservereisung-3439\/\">Vergaservereisung<\/a><\/p>\n<p><a href=\"http:\/\/www.vesab.de\/wpvesab\/fahrzeuge\/gepaeck-am-motorrad-4173\/\">Gep\u00e4ck am Motorrad<\/a><\/p>\n<p><a href=\"http:\/\/www.vesab.de\/wpvesab\/fahrzeuge\/windschutz-am-motorrad-5352\/\">Windschutz am Motorrad<\/a><\/p>\n<p><a href=\"http:\/\/www.vesab.de\/wpvesab\/fahrzeuge\/heizvisier-selbst-bauen-5375\/\">Heizvisier selbst bauen<\/a><\/p>\n<p><a href=\"http:\/\/www.vesab.de\/wpvesab\/fahrzeuge\/bmw-r80-st-4109\/\">BMW R80 ST<\/a><\/p>\n<p><a href=\"http:\/\/www.vesab.de\/wpvesab\/fahrzeuge\/ktm-625-sxc-603\/\">KTM 625 SXC <\/a><\/p>\n<p><a href=\"http:\/\/www.vesab.de\/wpvesab\/fahrzeuge\/ktm-freeride-350-5559\/\">KTM Freeride 350<\/a><\/p>\n<p><a href=\"http:\/\/www.vesab.de\/wpvesab\/fahrzeuge\/knieorthesen-motorrad-3690\/\">Knieorthesen Ortema V8 Pro<\/a><\/p>\n<p><a href=\"http:\/\/www.vesab.de\/wpvesab\/fahrzeuge\/hochdruckreiniger-kraenzle-4626\/\">Hochdruckreiniger Kr\u00e4nzle K 1152 TST<\/a><\/p>\n<p>&nbsp;<\/p>\n<p>&nbsp;<\/p>\n<p>Hier alle <a href=\"http:\/\/www.vesab.de\/wpvesab\/storys\/motorraeder-4034\/\">Maschinen<\/a>&#8230; seit 1978<\/p>\n<p><img loading=\"lazy\" decoding=\"async\" class=\"alignnone wp-image-5333 size-medium\" src=\"http:\/\/www.vesab.de\/wpvesab\/wp-content\/uploads\/fahrzeuge_motorrad_freeride_01-300x200.jpg\" alt=\"fahrzeuge_motorrad_freeride_01\" width=\"300\" height=\"200\" srcset=\"https:\/\/www.vesab.de\/wpvesab\/wp-content\/uploads\/fahrzeuge_motorrad_freeride_01-300x200.jpg 300w, https:\/\/www.vesab.de\/wpvesab\/wp-content\/uploads\/fahrzeuge_motorrad_freeride_01-768x512.jpg 768w, https:\/\/www.vesab.de\/wpvesab\/wp-content\/uploads\/fahrzeuge_motorrad_freeride_01.jpg 800w\" sizes=\"auto, (max-width: 300px) 100vw, 300px\" \/><\/p>\n<p><img loading=\"lazy\" decoding=\"async\" class=\"alignnone wp-image-4077 size-medium\" src=\"http:\/\/www.vesab.de\/wpvesab\/wp-content\/uploads\/fahrzeuge_motorrad_ktm_adventure_640_01-300x225.jpg\" alt=\"fahrzeuge_motorrad_ktm_adventure_640_01\" width=\"300\" height=\"225\" srcset=\"https:\/\/www.vesab.de\/wpvesab\/wp-content\/uploads\/fahrzeuge_motorrad_ktm_adventure_640_01-300x225.jpg 300w, https:\/\/www.vesab.de\/wpvesab\/wp-content\/uploads\/fahrzeuge_motorrad_ktm_adventure_640_01.jpg 800w\" sizes=\"auto, (max-width: 300px) 100vw, 300px\" \/><\/p>\n<p><img loading=\"lazy\" decoding=\"async\" class=\"alignnone wp-image-4085 size-medium\" src=\"http:\/\/www.vesab.de\/wpvesab\/wp-content\/uploads\/fahrzeuge_motorrad_ktm_exc_450R_01-300x225.jpg\" alt=\"fahrzeuge_motorrad_ktm_exc_450R_01\" width=\"300\" height=\"225\" srcset=\"https:\/\/www.vesab.de\/wpvesab\/wp-content\/uploads\/fahrzeuge_motorrad_ktm_exc_450R_01-300x225.jpg 300w, https:\/\/www.vesab.de\/wpvesab\/wp-content\/uploads\/fahrzeuge_motorrad_ktm_exc_450R_01.jpg 800w\" sizes=\"auto, (max-width: 300px) 100vw, 300px\" \/><\/p>\n<p><img loading=\"lazy\" decoding=\"async\" class=\"alignnone wp-image-4082 size-medium\" src=\"http:\/\/www.vesab.de\/wpvesab\/wp-content\/uploads\/fahrzeuge_motorrad_ktm_950_se_01-300x225.jpg\" alt=\"fahrzeuge_motorrad_ktm_950_se_01\" width=\"300\" height=\"225\" srcset=\"https:\/\/www.vesab.de\/wpvesab\/wp-content\/uploads\/fahrzeuge_motorrad_ktm_950_se_01-300x225.jpg 300w, https:\/\/www.vesab.de\/wpvesab\/wp-content\/uploads\/fahrzeuge_motorrad_ktm_950_se_01.jpg 800w\" sizes=\"auto, (max-width: 300px) 100vw, 300px\" \/><\/p>\n<p><img loading=\"lazy\" decoding=\"async\" class=\"alignnone wp-image-4083 size-medium\" src=\"http:\/\/www.vesab.de\/wpvesab\/wp-content\/uploads\/fahrzeuge_motorrad_bmw_r80st_01-300x225.jpg\" alt=\"fahrzeuge_motorrad_bmw_r80st_01\" width=\"300\" height=\"225\" srcset=\"https:\/\/www.vesab.de\/wpvesab\/wp-content\/uploads\/fahrzeuge_motorrad_bmw_r80st_01-300x225.jpg 300w, https:\/\/www.vesab.de\/wpvesab\/wp-content\/uploads\/fahrzeuge_motorrad_bmw_r80st_01.jpg 800w\" sizes=\"auto, (max-width: 300px) 100vw, 300px\" \/><\/p>\n<p><img loading=\"lazy\" decoding=\"async\" class=\"alignnone wp-image-598 size-medium\" src=\"http:\/\/www.vesab.de\/wpvesab\/wp-content\/uploads\/fahrzeuge_motorrad_sxc_02-300x195.jpg\" alt=\"fahrzeuge_motorrad_sxc_02\" width=\"300\" height=\"195\" srcset=\"https:\/\/www.vesab.de\/wpvesab\/wp-content\/uploads\/fahrzeuge_motorrad_sxc_02-300x195.jpg 300w, https:\/\/www.vesab.de\/wpvesab\/wp-content\/uploads\/fahrzeuge_motorrad_sxc_02.jpg 600w\" sizes=\"auto, (max-width: 300px) 100vw, 300px\" \/><\/p>\n<p><img loading=\"lazy\" decoding=\"async\" class=\"alignnone wp-image-4037 size-medium\" src=\"http:\/\/www.vesab.de\/wpvesab\/wp-content\/uploads\/fahrzeuge_motorrad_bmw_paris-dakar_pd_gespann2-300x200.jpg\" alt=\"fahrzeuge_motorrad_bmw_paris-dakar_pd_gespann2\" width=\"300\" height=\"200\" srcset=\"https:\/\/www.vesab.de\/wpvesab\/wp-content\/uploads\/fahrzeuge_motorrad_bmw_paris-dakar_pd_gespann2-300x200.jpg 300w, https:\/\/www.vesab.de\/wpvesab\/wp-content\/uploads\/fahrzeuge_motorrad_bmw_paris-dakar_pd_gespann2.jpg 350w\" sizes=\"auto, (max-width: 300px) 100vw, 300px\" \/><\/p>\n<p><img loading=\"lazy\" decoding=\"async\" class=\"alignnone wp-image-4036 size-medium\" src=\"http:\/\/www.vesab.de\/wpvesab\/wp-content\/uploads\/fahrzeuge_motorrad_bmw_paris-dakar_pd_gespann1-300x187.jpg\" alt=\"fahrzeuge_motorrad_bmw_paris-dakar_pd_gespann1\" width=\"300\" height=\"187\" srcset=\"https:\/\/www.vesab.de\/wpvesab\/wp-content\/uploads\/fahrzeuge_motorrad_bmw_paris-dakar_pd_gespann1-300x187.jpg 300w, https:\/\/www.vesab.de\/wpvesab\/wp-content\/uploads\/fahrzeuge_motorrad_bmw_paris-dakar_pd_gespann1.jpg 350w\" sizes=\"auto, (max-width: 300px) 100vw, 300px\" \/><\/p>\n<p><img loading=\"lazy\" decoding=\"async\" class=\"alignnone wp-image-4052 size-medium\" src=\"http:\/\/www.vesab.de\/wpvesab\/wp-content\/uploads\/fahrzeuge_motorrad_yamaha_Tenere-300x198.jpg\" alt=\"fahrzeuge_motorrad_yamaha_Tenere\" width=\"300\" height=\"198\" srcset=\"https:\/\/www.vesab.de\/wpvesab\/wp-content\/uploads\/fahrzeuge_motorrad_yamaha_Tenere-300x198.jpg 300w, https:\/\/www.vesab.de\/wpvesab\/wp-content\/uploads\/fahrzeuge_motorrad_yamaha_Tenere.jpg 350w\" sizes=\"auto, (max-width: 300px) 100vw, 300px\" \/><\/p>\n","protected":false},"excerpt":{"rendered":"<p>Seit 1978, also \u00fcber 40 Jahre bin ich mit unterschiedlichsten Motorr\u00e4dern durch die Lande gereist und habe auch teilweise verr\u00fcckte Sachen gemacht. Viele Touren, viel Technik und auch Geschichten sind im Laufe der Zeit&#46;&#46;&#46;<\/p>\n","protected":false},"author":2,"featured_media":4046,"parent":0,"menu_order":5,"comment_status":"closed","ping_status":"closed","template":"","meta":{"footnotes":""},"class_list":["post-4114","page","type-page","status-publish","has-post-thumbnail","hentry"],"_links":{"self":[{"href":"https:\/\/www.vesab.de\/wpvesab\/wp-json\/wp\/v2\/pages\/4114","targetHints":{"allow":["GET"]}}],"collection":[{"href":"https:\/\/www.vesab.de\/wpvesab\/wp-json\/wp\/v2\/pages"}],"about":[{"href":"https:\/\/www.vesab.de\/wpvesab\/wp-json\/wp\/v2\/types\/page"}],"author":[{"embeddable":true,"href":"https:\/\/www.vesab.de\/wpvesab\/wp-json\/wp\/v2\/users\/2"}],"replies":[{"embeddable":true,"href":"https:\/\/www.vesab.de\/wpvesab\/wp-json\/wp\/v2\/comments?post=4114"}],"version-history":[{"count":0,"href":"https:\/\/www.vesab.de\/wpvesab\/wp-json\/wp\/v2\/pages\/4114\/revisions"}],"wp:featuredmedia":[{"embeddable":true,"href":"https:\/\/www.vesab.de\/wpvesab\/wp-json\/wp\/v2\/media\/4046"}],"wp:attachment":[{"href":"https:\/\/www.vesab.de\/wpvesab\/wp-json\/wp\/v2\/media?parent=4114"}],"curies":[{"name":"wp","href":"https:\/\/api.w.org\/{rel}","templated":true}]}}

<p>Seit 1978, also über 40 Jahre bin ich mit unterschiedlichsten <a title="Motorräder" href="http://www.vesab.de/wpvesab/storys/motorraeder-4034/">Motorrädern</a> durch die Lande gereist und habe auch teilweise verrückte Sachen gemacht. Viele Touren, viel Technik und auch Geschichten sind im Laufe der Zeit übrig geblieben und werden nun hier erscheinen.</p>
<p>&nbsp;</p>
<p><img loading="lazy" decoding="async" class="alignnone size-full wp-image-741" src="http://www.vesab.de/wpvesab/wp-content/uploads/fahrzeuge_motorrad_fjordrally_2008_23.jpg" alt="fahrzeuge_motorrad_fjordrally_2008_23" width="600" height="400" srcset="https://www.vesab.de/wpvesab/wp-content/uploads/fahrzeuge_motorrad_fjordrally_2008_23.jpg 600w, https://www.vesab.de/wpvesab/wp-content/uploads/fahrzeuge_motorrad_fjordrally_2008_23-300x200.jpg 300w" sizes="auto, (max-width: 600px) 100vw, 600px" /></p>
<p>Winterreisen in Norwegen</p>
<p>&nbsp;</p>
<p>Alle Beiträge zu diesem Thema sind hier zu finden: <a title="Motorrad" href="http://www.vesab.de/wpvesab/?cat=46">Kategorie Motorradseiten</a></p>
<p>Die Motorradseiten meiner alten HP werden nach und nach hier veröffentlicht. Auch viele Reisen und Umbauten sind dabei.</p>
<p>&nbsp;</p>
<h3>Reisen</h3>
<p><a title="1996 Winter und Motorrad?" href="http://www.vesab.de/wpvesab/storys/1996-winter-und-motorrad-4188/" rel="bookmark">1996 Winter und Motorrad &#8211; wie es begann</a></p>
<p><a title="Motorradreise zum Polarkreis" href="http://www.vesab.de/wpvesab/storys/motorradreise-zum-polarkreis-996/" rel="bookmark">Motorradreise zum Polarkreis 2001 Norwegen Winter</a></p>
<p><a title="Fjordrally 2004" href="http://www.vesab.de/wpvesab/storys/fjordrally-2004-3587/" rel="bookmark">Fjordrally 2004 Norwegen Winter</a></p>
<p><a title="Winter-Motorradreise Norwegen" href="http://www.vesab.de/wpvesab/storys/winter-motorradreise-norwegen-3544/" rel="bookmark">Fjordrally 2007 Norwegen Winter</a></p>
<p><a title="5. Fjordrally 2008" href="http://www.vesab.de/wpvesab/storys/5-fjordrally-2008-775/" rel="bookmark">Fjordrally 2008 Norwegen Winter</a></p>
<p><a href="http://www.vesab.de/wpvesab/storys/lost-places-bb-1673/">Motorradreise 2005 lost places Berlin/Brandenburg Sommer</a></p>
<p>&nbsp;</p>
<h3>Technik</h3>
<p><a href="http://www.vesab.de/wpvesab/fahrzeuge/tankschutzbuegel-ktm-adventure-4127/">Selbstbau Tankschutzbügel an KTM LC4 Adventure </a></p>
<p><a href="http://www.vesab.de/wpvesab/fahrzeuge/sanierung-beiwagen-ezs-rally-3706/">Sanierung Beiwagen EZS Rally</a></p>
<p><a href="http://www.vesab.de/wpvesab/fahrzeuge/spikes-fuer-reifen-2902/">Spikes für Motorradreifen</a></p>
<p><a href="http://www.vesab.de/wpvesab/fahrzeuge/vergaservereisung-3439/">Vergaservereisung</a></p>
<p><a href="http://www.vesab.de/wpvesab/fahrzeuge/gepaeck-am-motorrad-4173/">Gepäck am Motorrad</a></p>
<p><a href="http://www.vesab.de/wpvesab/fahrzeuge/windschutz-am-motorrad-5352/">Windschutz am Motorrad</a></p>
<p><a href="http://www.vesab.de/wpvesab/fahrzeuge/heizvisier-selbst-bauen-5375/">Heizvisier selbst bauen</a></p>
<p><a href="http://www.vesab.de/wpvesab/fahrzeuge/bmw-r80-st-4109/">BMW R80 ST</a></p>
<p><a href="http://www.vesab.de/wpvesab/fahrzeuge/ktm-625-sxc-603/">KTM 625 SXC </a></p>
<p><a href="http://www.vesab.de/wpvesab/fahrzeuge/ktm-freeride-350-5559/">KTM Freeride 350</a></p>
<p><a href="http://www.vesab.de/wpvesab/fahrzeuge/knieorthesen-motorrad-3690/">Knieorthesen Ortema V8 Pro</a></p>
<p><a href="http://www.vesab.de/wpvesab/fahrzeuge/hochdruckreiniger-kraenzle-4626/">Hochdruckreiniger Kränzle K 1152 TST</a></p>
<p>&nbsp;</p>
<p>&nbsp;</p>
<p>Hier alle <a href="http://www.vesab.de/wpvesab/storys/motorraeder-4034/">Maschinen</a>&#8230; seit 1978</p>
<p><img loading="lazy" decoding="async" class="alignnone wp-image-5333 size-medium" src="http://www.vesab.de/wpvesab/wp-content/uploads/fahrzeuge_motorrad_freeride_01-300x200.jpg" alt="fahrzeuge_motorrad_freeride_01" width="300" height="200" srcset="https://www.vesab.de/wpvesab/wp-content/uploads/fahrzeuge_motorrad_freeride_01-300x200.jpg 300w, https://www.vesab.de/wpvesab/wp-content/uploads/fahrzeuge_motorrad_freeride_01-768x512.jpg 768w, https://www.vesab.de/wpvesab/wp-content/uploads/fahrzeuge_motorrad_freeride_01.jpg 800w" sizes="auto, (max-width: 300px) 100vw, 300px" /></p>
<p><img loading="lazy" decoding="async" class="alignnone wp-image-4077 size-medium" src="http://www.vesab.de/wpvesab/wp-content/uploads/fahrzeuge_motorrad_ktm_adventure_640_01-300x225.jpg" alt="fahrzeuge_motorrad_ktm_adventure_640_01" width="300" height="225" srcset="https://www.vesab.de/wpvesab/wp-content/uploads/fahrzeuge_motorrad_ktm_adventure_640_01-300x225.jpg 300w, https://www.vesab.de/wpvesab/wp-content/uploads/fahrzeuge_motorrad_ktm_adventure_640_01.jpg 800w" sizes="auto, (max-width: 300px) 100vw, 300px" /></p>
<p><img loading="lazy" decoding="async" class="alignnone wp-image-4085 size-medium" src="http://www.vesab.de/wpvesab/wp-content/uploads/fahrzeuge_motorrad_ktm_exc_450R_01-300x225.jpg" alt="fahrzeuge_motorrad_ktm_exc_450R_01" width="300" height="225" srcset="https://www.vesab.de/wpvesab/wp-content/uploads/fahrzeuge_motorrad_ktm_exc_450R_01-300x225.jpg 300w, https://www.vesab.de/wpvesab/wp-content/uploads/fahrzeuge_motorrad_ktm_exc_450R_01.jpg 800w" sizes="auto, (max-width: 300px) 100vw, 300px" /></p>
<p><img loading="lazy" decoding="async" class="alignnone wp-image-4082 size-medium" src="http://www.vesab.de/wpvesab/wp-content/uploads/fahrzeuge_motorrad_ktm_950_se_01-300x225.jpg" alt="fahrzeuge_motorrad_ktm_950_se_01" width="300" height="225" srcset="https://www.vesab.de/wpvesab/wp-content/uploads/fahrzeuge_motorrad_ktm_950_se_01-300x225.jpg 300w, https://www.vesab.de/wpvesab/wp-content/uploads/fahrzeuge_motorrad_ktm_950_se_01.jpg 800w" sizes="auto, (max-width: 300px) 100vw, 300px" /></p>
<p><img loading="lazy" decoding="async" class="alignnone wp-image-4083 size-medium" src="http://www.vesab.de/wpvesab/wp-content/uploads/fahrzeuge_motorrad_bmw_r80st_01-300x225.jpg" alt="fahrzeuge_motorrad_bmw_r80st_01" width="300" height="225" srcset="https://www.vesab.de/wpvesab/wp-content/uploads/fahrzeuge_motorrad_bmw_r80st_01-300x225.jpg 300w, https://www.vesab.de/wpvesab/wp-content/uploads/fahrzeuge_motorrad_bmw_r80st_01.jpg 800w" sizes="auto, (max-width: 300px) 100vw, 300px" /></p>
<p><img loading="lazy" decoding="async" class="alignnone wp-image-598 size-medium" src="http://www.vesab.de/wpvesab/wp-content/uploads/fahrzeuge_motorrad_sxc_02-300x195.jpg" alt="fahrzeuge_motorrad_sxc_02" width="300" height="195" srcset="https://www.vesab.de/wpvesab/wp-content/uploads/fahrzeuge_motorrad_sxc_02-300x195.jpg 300w, https://www.vesab.de/wpvesab/wp-content/uploads/fahrzeuge_motorrad_sxc_02.jpg 600w" sizes="auto, (max-width: 300px) 100vw, 300px" /></p>
<p><img loading="lazy" decoding="async" class="alignnone wp-image-4037 size-medium" src="http://www.vesab.de/wpvesab/wp-content/uploads/fahrzeuge_motorrad_bmw_paris-dakar_pd_gespann2-300x200.jpg" alt="fahrzeuge_motorrad_bmw_paris-dakar_pd_gespann2" width="300" height="200" srcset="https://www.vesab.de/wpvesab/wp-content/uploads/fahrzeuge_motorrad_bmw_paris-dakar_pd_gespann2-300x200.jpg 300w, https://www.vesab.de/wpvesab/wp-content/uploads/fahrzeuge_motorrad_bmw_paris-dakar_pd_gespann2.jpg 350w" sizes="auto, (max-width: 300px) 100vw, 300px" /></p>
<p><img loading="lazy" decoding="async" class="alignnone wp-image-4036 size-medium" src="http://www.vesab.de/wpvesab/wp-content/uploads/fahrzeuge_motorrad_bmw_paris-dakar_pd_gespann1-300x187.jpg" alt="fahrzeuge_motorrad_bmw_paris-dakar_pd_gespann1" width="300" height="187" srcset="https://www.vesab.de/wpvesab/wp-content/uploads/fahrzeuge_motorrad_bmw_paris-dakar_pd_gespann1-300x187.jpg 300w, https://www.vesab.de/wpvesab/wp-content/uploads/fahrzeuge_motorrad_bmw_paris-dakar_pd_gespann1.jpg 350w" sizes="auto, (max-width: 300px) 100vw, 300px" /></p>
<p><img loading="lazy" decoding="async" class="alignnone wp-image-4052 size-medium" src="http://www.vesab.de/wpvesab/wp-content/uploads/fahrzeuge_motorrad_yamaha_Tenere-300x198.jpg" alt="fahrzeuge_motorrad_yamaha_Tenere" width="300" height="198" srcset="https://www.vesab.de/wpvesab/wp-content/uploads/fahrzeuge_motorrad_yamaha_Tenere-300x198.jpg 300w, https://www.vesab.de/wpvesab/wp-content/uploads/fahrzeuge_motorrad_yamaha_Tenere.jpg 350w" sizes="auto, (max-width: 300px) 100vw, 300px" /></p>

<p>Seit 1978, also über 40 Jahre bin ich mit unterschiedlichsten Motorrädern durch die Lande gereist und habe auch teilweise verrückte Sachen gemacht. Viele Touren, viel Technik und auch Geschichten sind im Laufe der Zeit&#46;&#46;&#46;</p>
